 2 + 60. Calculate the highest common factor of 244 and z.
61
Let b be (27 + -57)*6*((-196)/(-60) - 4). Suppose 0 = 4*v - 2*t - 194, -4*t = v - 0*t - 44. What is the greatest common divisor of b and v?
12
Let i be 1*(4 + 54 + -1). Let u = -96 + 134. Calculate the greatest common factor of u and i.
19
Suppose 482 = 66*z - 69*z - 5*l, -3*z - 486 = 3*l. Let y = z - -196. Calculate the highest common divisor of y and 1.
1
Let b = 7732 + -7606. Calculate the greatest common divisor of 140 and b.
14
Suppose -20568*d - 2898 = -20586*d. Calculate the greatest common factor of 28 and d.
7
Let y(o) = 4*o**3 - 4*o - 2. Let k be y(-2). Let x = 55 + k. Let w = 85 + -56. What is the highest common factor of x and w?
29
Let t = 89 + -79. Suppose t*u - 25 = -q + 8*u, 0 = -2*q + 2*u + 20. Calculate the highest common factor of q and 25.
5
Suppose -7*v - 14 = -8*v. Let w be (2961/3)/((-174)/(-116)). What is the highest common factor of v and w?
14
Suppose -41*m - 17199 = -14*m. Let o = m + 662. Calculate the highest common factor of o and 275.
25
Suppose 54452 + 2824 = 129*k. Calculate the highest common divisor of k and 2553.
111
Suppose 4 = -54*u + 56*u. Let n be 1/u*(381 - -5). Suppose 10*r - n = 847. What is the highest common divisor of r and 8?
8
Suppose 6*a = 16076 - 13796. Calculate the highest common divisor of a and 6612.
76
Let u(g) = -g**3 - 21*g**2 - 18*g + 24. Let w = -37 + 17. Let f be u(w). Let m be (f/10)/(5 + 54/(-10)). Calculate the greatest common factor of m and 16.
4
Let c(g) = -75*g + 12. Let s be c(3). Let q = s + 219. What is the highest common divisor of 102 and q?
6
Suppose -450 = -2*a - 2*y + 240, -2*a + 5*y = -648. What is the greatest common divisor of a and 30?
3
Let g = 125 - 445. Let t be (g/(-48))/(1/90). Calculate the highest common factor of 12 and t.
12
Let y = -6 - -21. Let b = 16 - -29. Suppose 0 = -4*p - 5*h + b, 7*p + 4*h = 4*p + 33. What is the greatest common divisor of p and y?
15
Suppose 98 = 18*o - 208. Let m be o + 5/(-15)*6. Suppose 0 = 2*s - 3*v - 72, -s = -0*s + 4*v - 14. What is the greatest common factor of s and m?
15
Suppose 2*y = -2, -4*g + 86*y - 88*y + 1958 = 0. Calculate the highest common factor of g and 50.
10
Let u = 147 - 147. Suppose u = 3*h - v - 708, -4*h + 3*v + 944 = -0*v. What is the greatest common divisor of h and 4?
4
Let r = 14496 - 14108. What is the greatest common factor of r and 60?
4
Suppose -5*q + 1327 + 158 = 0. Suppose -5*g = -3*r - 17, -4*g + 58 = -56*r + 61*r. Suppose r*z - q = -3*z. Calculate the greatest common divisor of 11 and z.
11
Let a = -11517 + 15658. Calculate the greatest common factor of 123 and a.
41
Suppose 8 = 2*x + 3*v, -1430*v + 12 = -1424*v. Calculate the greatest common divisor of x and 2864.
1
Let l(p) = -3 + 3 + 20 - 2*p. Let q be l(-6). Calculate the highest common divisor of 16 and q.
16
Let i(o) = 5*o**2 - 17*o + 10. Let w be i(5). What is the highest common factor of 11350 and w?
50
Suppose -278*j + 45216 = 36*j. What is the greatest common factor of 44 and j?
4
Suppose 7334*f = 7387*f - 349270. What is the greatest common factor of f and 90?
10
Suppose 807 + 297 = 24*x. Suppose -q = 2 - x. What is the greatest common divisor of q and 352?
44
Suppose 41*v + 76 = 60*v. Let i be 24885/(-158)*v/(-5). Calculate the greatest common divisor of i and 154.
14
Suppose 0 = -29*b + 16*b + 104. Let g be (4/(-10))/(5/(-1075)). Suppose 2*f = 58 + g. Calculate the greatest common factor of b and f.
8
Suppose 3*f - 464 = 2*g - 3*g, 0 = -2*f + 4*g + 300. Suppose -5*q - 2*l + f = 0, -4*q + 0*l = -2*l - 134. Calculate the greatest common factor of 112 and q.
16
Let l(h) = h**3 - 6*h**2 - 3*h - 17. Let j be l(7). Suppose -9*w + j*w - 400 = 0. What is the greatest common divisor of w and 40?
40
Suppose -4*x + 2*x = -6. Suppose 5 + 4 = x*v. Suppose -l - 4*l + v*u + 171 = 0, 0 = -2*l + 5*u + 57. What is the highest common factor of 90 and l?
18
Let q = 89 - 72. Let r be q + 6/(-3) + (-12)/4. Let x = 99 + -3. What is the greatest common factor of x and r?
12
Suppose 7 + 17 = 4*q. Suppose 160*k = 156*k. Suppose 15*l = 11*l - 3*g + 63, -4*l - g + 53 = k. Calculate the highest common factor of l and q.
6
Suppose 5*p = -3*r - 0*r - 22, p + 18 = -4*r. Let u be (-1)/(2 + -53*r/(-104)). Calculate the greatest common divisor of u and 416.
26
Suppose 3251*y - 3320*y + 71208 = 0. Calculate the greatest common divisor of 24 and y.
24
Let w(j) = -2*j**2 - 1834*j - 49781. Let f be w(-28). Suppose 0 = 4*t - z - 96, -z + 5*z + 72 = 3*t. What is the greatest common divisor of t and f?
3
Suppose -5*t + 6*t = 2*n - 24, -2*n + 5*t + 32 = 0. Let v(d) = 4*d + 121. Let u be v(n). What is the greatest common factor of 15 and u?
15
Suppose -4*b + 118 = -14. Suppose s - 5*o = 31, -52*o - 10 = -2*s - 55*o. What is the highest common divisor of s and b?
11
Let t(u) = 73*u**2 - 154*u + 709. Let a be t(5). Calculate the highest common divisor of a and 2548.
196
Let r(u) = 7*u**3 - 2*u**2 + 2*u - 2. Let m be r(1). Suppose 2*t = -4*w + 70, t = -2*t - m*w + 110. What is the greatest common divisor of 315 and t?
45
Let w(v) = -v**2 - 62*v - 190. Let g be w(-33). Suppose -5*j = -54 - 11. What is the greatest common divisor of g and j?
13
Let i(d) = 400*d**2 - 2*d + 2. Suppose 13*c - 12*c = 1. Let g be i(c). What is the highest common divisor of 16 and g?
16
Let l(x) = 4*x**2 + 133*x + 1077. Let s be l(-9). Calculate the highest common divisor of 4998 and s.
102
Let w(v) = -v**2 + 30*v + 29. Let x be w(14). Let y = x + -237. Calculate the greatest common divisor of 28 and y.
4
Let o be 5 - 12/(-12)*-3*1. Suppose 0 = 4*d + 4, -d - 158 + o = -c. Calculate the greatest common divisor of 31 and c.
31
Let j be ((-5558)/(-294) - 19) + ((-1157)/(-21) - -1). What is the highest common divisor of 3816 and j?
8
Let q = 6963 - 6216. What is the highest common divisor of 581 and q?
83
Suppose -2*y - 14 = -m, -151*y - 10 = -146*y. Calculate the greatest common factor of 1585 and m.
5
Let g(q) = -9*q + 126. Let p be g(9). Suppose -12*b + 15*b - p = 0. What is the greatest common factor of b and 15?
15
Suppose -9*u = -10*u + 16. Suppose 23*r - u*r - 1617 = 0. Suppose -a = -2*x + 42, x = -0*x - 4*a + 21. What is the greatest common divisor of r and x?
21
Suppose -5*g + 17 = 2. Let q(x) = 13*x - 19. Suppose -5*f = -t - 1, 0*t + f + 15 = 4*t. Let z be q(t). What is the highest common divisor of g and z?
3
Suppose -165702*h = -165724*h + 2860. What is the highest common factor of 1130 and h?
10
Let y = 3367 - 3272. What is the greatest common divisor of 1520 and y?
95
Let v be (-4)/(-10)*(7 + -2)*416/104. Calculate the highest common factor of v and 2344.
8
Let l = -126 + 569. Let q = l - 83. What is the highest common divisor of 30 and q?
30
Let m(s) = 365*s**2 + 2*s + 10. Let x be m(2). What is the greatest common factor of 44 and x?
22
Suppose -2*r = 4*o - 14, -4*r = 8*o - 9*o - 73. Suppose 8*z - 297 = -r. Calculate the highest common divisor of z and 10.
5
Suppose 28 = 3*s - 245. Let d be (-3)/(-2) - (343/(-14) + -7). Suppose -4*y - 4 = 0, -3*y - 81 = 30*r - d*r. Calculate the greatest common factor of r and s.
13
Suppose 9*g + 480 = 19*g. Let w be 28/6*(-2160)/(-84). Calculate the greatest common divisor of g and w.
24
Suppose 16*t + 89*t = 6720. What is the greatest common divisor of t and 3232?
32
Suppose 12 = -5*j + 6*j. Let h = 63 + -40. Let s = h + -19. Calculate the greatest common factor of s and j.
4
Let z = 101 - 84. Suppose -v = -z - 28. What is the greatest common factor of 72 and v?
9
Let z(i) = 63*i - 3964. Let j be z(64). Calculate the highest common factor of j and 5015.
17
Let h = -94 + 97. Let t = -11 + 16. Suppose 0 = 2*r + i - 29, -t*r + 4*r = -3*i - 18. Calculate the greatest common factor of r and h.
3
Let p be (-38)/(-9) - (-18)/(-81). Suppose -34 = -p*n - 6. Let z = -18 + 32. What is the highest common divisor of n and z?
7
Let p be (-12)/(((-3)/6)/((-366)/(-24))). Suppose -466 = -13*d + p. What is the greatest common divisor of 8 and d?
8
Suppose -17*i = -18*i. Let t be i + 10*2/5. Suppose -331 - 131 = -2*d + t*k, -5*d = -2*k - 1131. Calculate the greatest common factor of d and 25.
25
Let m(f) = -f**3 - 3*f**2 + 7*f. Let n be m(-6). Suppose 0 = 354*y - 355*y + 4*x + 6, -5*x = 4*y - 108. Calculate t